der when 768634 is divided by 2897.
929
What is the remainder when 168578 is divided by 3665?
3653
What is the remainder when 15226 is divided by 355?
316
What is the remainder when 127182 is divided by 1808?
622
What is the remainder when 4168886 is divided by 33?
29
Calculate the remainder when 1379173992 is divided by 19.
16
What is the remainder when 302627441 is divided by 14?
11
Calculate the remainder when 1472380 is divided by 27.
16
Calculate the remainder when 389694 is divided by 35419.
85
Calculate the remainder when 29051 is divided by 54.
53
What is the remainder when 7627594 is divided by 1905?
1879
Calculate the remainder when 83308167 is divided by 42.
33
Calculate the remainder when 14802703 is divided by 7401341.
21
Calculate the remainder when 64701460 is divided by 1198175.
10
Calculate the remainder when 513446 is divided by 171138.
32
Calculate the remainder when 31939 is divided by 758.
103
Calculate the remainder when 126113580 is divided by 4027.
21
Calculate the remainder when 69286265 is divided by 5113.
2
Calculate the remainder when 6923344 is divided by 302.
296
Calculate the remainder when 5990 is divided by 973.
152
What is the remainder when 97429955 is divided by 34?
31
What is the remainder when 33165452 is divided by 49?
47
What is the remainder when 62089 is divided by 1304?
801
What is the remainder when 421163 is divided by 2966?
2957
What is the remainder when 5332 is divided by 561?
283
What is the remainder when 1498710 is divided by 3?
0
What is the remainder when 3514054 is divided by 1756920?
214
What is the remainder when 15664626 is divided by 53?
52
Calculate the remainder when 176818 is divided by 1424.
242
Calculate the remainder when 500429 is divided by 91.
20
What is the remainder when 596011 is divided by 49?
24
Calculate the remainder when 816183 is divided by 618.
423
Calculate the remainder when 804776 is divided by 12381.
11
What is the remainder when 151864183 is divided by 1355930?
23
Calculate the remainder when 30066 is divided by 1010.
776
Calculate the remainder when 7737657 is divided by 85.
22
What is the remainder when 26866400 is divided by 3092?
12
What is the remainder when 578007 is divided by 18635?
322
What is the remainder when 84897 is divided by 178?
169
Calculate the remainder when 1083320 is divided by 442.
420
Calculate the remainder when 164969 is divided by 3924.
161
What is the remainder when 6608533 is divided by 431?
10
What is the remainder when 79523 is divided by 269?
168
What is the remainder when 85845098 is divided by 550?
548
Calculate the remainder when 683610 is divided by 4260.
2010
What is the remainder when 5355156 is divided by 1178?
1146
What is the remainder when 17336659 is divided by 5778885?
4
What is the remainder when 493673 is divided by 400?
73
What is the remainder when 10294159 is divided by 4166?
4139
Calculate the remainder when 67510 is divided by 10025.
7360
What is the remainder when 3323127 is divided by 1661559?
9
Calculate the remainder when 2335998 is divided by 778603.
189
Calculate the remainder when 4889971 is divided by 14.
9
Calculate the remainder when 36068 is divided by 57.
44
What is the remainder when 1743459 is divided by 25266?
105
What is the remainder when 759493 is divided by 11?
9
Calculate the remainder when 347124 is divided by 19284.
12
What is the remainder when 405964677 is divided by 10?
7
Calculate the remainder when 225076419 is divided by 3214.
3213
What is the remainder when 2208000 is divided by 44160?
0
Calculate the remainder when 23877 is divided by 18.
9
Calculate the remainder when 8832914 is divided by 65.
64
Calculate the remainder when 239585 is divided by 7220.
1325
Calculate the remainder when 473831 is divided by 268.
7
Calculate the remainder when 5564579 is divided by 410.
59
Calculate the remainder when 831388 is divided by 86.
26
What is the remainder when 4819251 is divided by 240962?
11
What is the remainder when 20842767 is divided by 718716?
3
Calculate the remainder when 15810656 is divided by 1015.
1
What is the remainder when 871785 is divided by 1049?
66
Calculate the remainder when 4175948 is divided by 66.
62
Calculate the remainder when 61363439 is divided by 2160.
2159
Calculate the remainder when 2963 is divided by 1259.
445
Calculate the remainder when 39138222 is divided by 339.
333
What is the remainder when 120691 is divided by 120690?
1
What is the remainder when 7112656 is divided by 10859?
11
Calculate the remainder when 22604 is divided by 850.
504
What is the remainder when 1161538 is divided by 580733?
72
What is the remainder when 1226199 is divided by 8?
7
What is the remainder when 17180012 is divided by 51?
50
Calculate the remainder when 4809036 is divided by 2404502.
32
Calculate the remainder when 19343 is divided by 268.
47
What is the remainder when 4334940516 is divided by 21?
18
What is the remainder when 274518 is divided by 15237?
252
Calculate the remainder when 198648788 is divided by 556.
552
What is the remainder when 179515643 is divided by 51?
29
What is the remainder when 33628377 is divided by 30?
27
Calculate the remainder when 9098348 is divided by 365.
358
Calculate the remainder when 1056585 is divided by 75458.
173
What is the remainder when 5157683 is divided by 126?
125
What is the remainder when 267612 is divided by 389?
369
What is the remainder when 10821657 is divided by 186?
177
Calculate the remainder when 13763442 is divided by 157.
37
Calculate the remainder when 27054054 is divided by 2716.
2694
Calculate the remainder when 30624386 is divided by 2247.
23
What is the remainder when 80056 is divided by 1598?
156
Calculate the remainder when 1023282 is divided by 73091.
8
Calculate the remainder when 1953020 is divided by 373.
365
What is the remainder when 188487599 is divided by 37697519?
4
Calculate the remainder when 5636013 is divided by 2635.
2383
What is the remainder when 207814 is divided by 5617?
5602
Calculate the remainder when 2845957 is divided by 260.
257
Calculate the remainder when 38464098 is divided by 549487.
8
Calculate the remainder when 2389903 is divided by 2298.
2281
Calculate the remainder when 1768692 is divided by 1102.
1084
Calculate the remainder when 31191 is divided by 6096.
711
Calculate the remainder when 1582881 is divided by 527614.
39
Calculate the remainder when 57717 is divided by 25711.
6295
Calculate the remainder when 28592 is divided by 1841.
977
What is the remainder when 1010145 is divided by 1115?
1070
Calculate the remainder when 4747217 is divided by 39.
20
What is the remainder when 5111740 is divided by 2316?
328
What is the remainder when 11295628 is divided by 3765199?
31
Calculate the remainder when 484377 is divided by 9.
6
What is the remainder when 35370 is divided by 33?
27
Calculate the remainder when 173660 is divided by 2337.
722
What is the remainder when 27976 is divided by 8884?
1324
Calculate the remainder when 4030233 is divided by 63.
60
Calculate the remainder when 6024406 is divided by 65.
11
What is the remainder when 887104 is divided by 659?
90
What is the remainder when 1518134 is divided by 3237?
3218
Calculate the remainder when 301265 is divided by 7346.
79
What is the remainder when 6939602 is divided by 68?
66
Calculate the remainder when 726907 is divided by 7584.
6427
What is the remainder when 65244606 is divided by 81?
78
Calculate the remainder when 42434075 is divided by 7.
5
What is the remainder when 110000 is divided by 109950?
50
Calculate the remainder when 18287 is divided by 17778.
509
What is the remainder when 1950194984 is divided by 1065?
1064
Calculate the remainder when 1480738 is divided by 126.
112
Calculate the remainder when 456398 is divided by 84.
26
Calculate the remainder when 254278 is divided by 125561.
3156
Calculate the remainder when 8236194 is divided by 8236185.
9
Calculate the remainder when 959903 is divided by 29.
3
Calculate the remainder when 83180 is divided by 41567.
46
What is the remainder when 47672 is divided by 7448?
2984
Calculate the remainder when 3515816 is divided by 165.
161
What is the remainder when 236270 is divided by 276?
14
What is the remainder when 725602827 is divided by 1230?
1227
Calcula